{"id":1531,"date":"2018-03-01T21:36:27","date_gmt":"2018-03-01T20:36:27","guid":{"rendered":"http:\/\/cajovnajasminka.sk\/?post_type=product&#038;p=1531"},"modified":"2018-03-09T22:39:37","modified_gmt":"2018-03-09T21:39:37","slug":"lapacho-matto-grosso","status":"publish","type":"product","link":"http:\/\/cajovnajasminka.sk\/?product=lapacho-matto-grosso","title":{"rendered":"Lapacho Matto Grosso"},"content":{"rendered":"<p><strong>Lapacho &#8211; Legend\u00e1rny \u010daj Inkov, k\u00f4ra z juhoamerick\u00e9ho stromu. Tento \u010daj je pripravovan\u00fd z vn\u00fatornej k\u00f4ry stromu lapacho, ktor\u00fd rastie na \u00fazem\u00ed Bol\u00edvie, Severnej Argent\u00edny, Paraguaja, Peru \u010di Braz\u00edlie. \u00a0V oblast\u00ed And dosahuj\u00fa tieto stromy a\u017e 700 rokov.\u00a0<\/strong><\/p>\n<p><strong>Lapacho k\u00f4ra m\u00e1 mno\u017estvo pozit\u00edvnych zdravotn\u00fdch \u00fa\u010dinkov:<\/strong><\/p>\n<ul>\n<li>podporuje obranyschopnos\u0165 imunitn\u00e9ho syst\u00e9mu<\/li>\n<li>posil\u0148uje organizmu pri cukrovke<\/li>\n<li>odpor\u00fa\u010da sa na podporn\u00fa lie\u010dbu\u00a0n\u00e1dorov\u00fdch ochoren\u00ed<\/li>\n<li>odpor\u00fa\u010da sa na zlep\u0161enie kvality krvi a tvorbu krviniek (aj pri an\u00e9mii)<\/li>\n<li>je v\u00fdnimo\u010dn\u00fd pri b\u00e9rcov\u00fdch vredoch<\/li>\n<li>pom\u00e1ha pri k\u0155\u010dov\u00fdch \u017eil\u00e1ch<\/li>\n<\/ul>\n<p><strong>Krajina p\u00f4vodu:<\/strong> Ju\u017en\u00e1 Amerika<\/p>\n<p><b>Pr\u00edprava:<\/b>\u00a01\u00a0ly\u017ei\u010dku \u010daju povar\u00edme v 3 dl vody 5-10 min\u00fat a potom e\u0161te asi 10-15 min\u00fat nech\u00e1me l\u00fahova\u0165, aby pre\u0161li do roztoku v\u0161etky \u00fa\u010dinn\u00e9 l\u00e1tky. (M\u00f4\u017eeme pripravi\u0165 aj 1l \u010daju. Povar\u00edme 1 polievkov\u00fa ly\u017eicu lapacha v 1 l vody 5-10 min\u00fat a potom l\u00fahujeme 10-15 min\u00fat)<\/p>\n<p><strong>Pod\u00e1vame :<\/strong> 3x denne medzi jedlom, doporu\u010dujeme pi\u0165 4-6 t\u00fd\u017ed\u0148ov v lie\u010debno-o\u010distnej k\u00fare, k\u00fara sa m\u00f4\u017ee po mesiaci opakova\u0165.<\/p>\n<p><strong>Obsah balenia :\u00a0<\/strong>vyberte mno\u017estvo<\/p>\n","protected":false},"excerpt":{"rendered":"<p><strong>Cena je uveden\u00e1 za 100g \u010daju\u00a0<\/strong><\/p>\n","protected":false},"featured_media":1537,"comment_status":"open","ping_status":"closed","template":"","meta":[],"_links":{"self":[{"href":"http:\/\/cajovnajasminka.sk\/index.php?rest_route=\/wp\/v2\/product\/1531"}],"collection":[{"href":"http:\/\/cajovnajasminka.sk\/index.php?rest_route=\/wp\/v2\/product"}],"about":[{"href":"http:\/\/cajovnajasminka.sk\/index.php?rest_route=\/wp\/v2\/types\/product"}],"replies":[{"embeddable":true,"href":"http:\/\/cajovnajasminka.sk\/index.php?rest_route=%2Fwp%2Fv2%2Fcomments&post=1531"}],"wp:featuredmedia":[{"embeddable":true,"href":"http:\/\/cajovnajasminka.sk\/index.php?rest_route=\/wp\/v2\/media\/1537"}],"wp:attachment":[{"href":"http:\/\/cajovnajasminka.sk\/index.php?rest_route=%2Fwp%2Fv2%2Fmedia&parent=1531"}],"curies":[{"name":"wp","href":"https:\/\/api.w.org\/{rel}","templated":true}]}}