{"id":1438,"date":"2018-02-10T12:54:35","date_gmt":"2018-02-10T11:54:35","guid":{"rendered":"http:\/\/cajovnajasminka.sk\/?post_type=product&#038;p=1438"},"modified":"2018-02-10T13:02:55","modified_gmt":"2018-02-10T12:02:55","slug":"kvetinovy-hrncek","status":"publish","type":"product","link":"http:\/\/cajovnajasminka.sk\/?product=kvetinovy-hrncek","title":{"rendered":"Kvetinov\u00fd hrn\u010dek"},"content":{"rendered":"<p>Ve\u013ek\u00fd ov\u00e1lny hrn\u010dek s objemom a\u017e 450 ml. Vyroben\u00fd z kvalitnej jemnej keramiky, obohaten\u00fd o mot\u00edv r\u00f4znych farebn\u00fdch kvetiniek.<\/p>\n<p><strong>Objem :<\/strong>\u00a0450 ml<br \/>\n<strong>Materi\u00e1l : <\/strong>jemn\u00e1 keramika<\/p>\n","protected":false},"excerpt":{"rendered":"<p><strong>Objem : 450 ml<\/strong><\/p>\n","protected":false},"featured_media":1441,"comment_status":"closed","ping_status":"closed","template":"","meta":[],"_links":{"self":[{"href":"http:\/\/cajovnajasminka.sk\/index.php?rest_route=\/wp\/v2\/product\/1438"}],"collection":[{"href":"http:\/\/cajovnajasminka.sk\/index.php?rest_route=\/wp\/v2\/product"}],"about":[{"href":"http:\/\/cajovnajasminka.sk\/index.php?rest_route=\/wp\/v2\/types\/product"}],"replies":[{"embeddable":true,"href":"http:\/\/cajovnajasminka.sk\/index.php?rest_route=%2Fwp%2Fv2%2Fcomments&post=1438"}],"wp:featuredmedia":[{"embeddable":true,"href":"http:\/\/cajovnajasminka.sk\/index.php?rest_route=\/wp\/v2\/media\/1441"}],"wp:attachment":[{"href":"http:\/\/cajovnajasminka.sk\/index.php?rest_route=%2Fwp%2Fv2%2Fmedia&parent=1438"}],"curies":[{"name":"wp","href":"https:\/\/api.w.org\/{rel}","templated":true}]}}