{"id":1426,"date":"2018-02-09T12:49:07","date_gmt":"2018-02-09T11:49:07","guid":{"rendered":"http:\/\/cajovnajasminka.sk\/?post_type=product&#038;p=1426"},"modified":"2018-02-09T13:03:26","modified_gmt":"2018-02-09T12:03:26","slug":"sklenene-svietniky-rybky","status":"publish","type":"product","link":"http:\/\/cajovnajasminka.sk\/?product=sklenene-svietniky-rybky","title":{"rendered":"Sklenen\u00e9 svietniky rybky"},"content":{"rendered":"<p>Sada sklenen\u00fdch podlo\u017eka pod svie\u010dku v tvare ryby\u010diek je vhodn\u00e1 na dekora\u010dn\u00e9 \u00fa\u010dely m\u00e1 aj praktick\u00e9 vyu\u017eitie a chr\u00e1ni materi\u00e1ly pred kvapkaj\u00facim voskom.<\/p>\n<p><strong>Farba :<\/strong> modr\u00e1<br \/>\n<strong>Materi\u00e1l :<\/strong> Sklo<\/p>\n","protected":false},"excerpt":{"rendered":"<p><strong>Sklenen\u00e9 modr\u00e9 podlo\u017eky pod svie\u010dku v tvare rybky<\/strong><\/p>\n","protected":false},"featured_media":1428,"comment_status":"closed","ping_status":"closed","template":"","meta":[],"_links":{"self":[{"href":"http:\/\/cajovnajasminka.sk\/index.php?rest_route=\/wp\/v2\/product\/1426"}],"collection":[{"href":"http:\/\/cajovnajasminka.sk\/index.php?rest_route=\/wp\/v2\/product"}],"about":[{"href":"http:\/\/cajovnajasminka.sk\/index.php?rest_route=\/wp\/v2\/types\/product"}],"replies":[{"embeddable":true,"href":"http:\/\/cajovnajasminka.sk\/index.php?rest_route=%2Fwp%2Fv2%2Fcomments&post=1426"}],"wp:featuredmedia":[{"embeddable":true,"href":"http:\/\/cajovnajasminka.sk\/index.php?rest_route=\/wp\/v2\/media\/1428"}],"wp:attachment":[{"href":"http:\/\/cajovnajasminka.sk\/index.php?rest_route=%2Fwp%2Fv2%2Fmedia&parent=1426"}],"curies":[{"name":"wp","href":"https:\/\/api.w.org\/{rel}","templated":true}]}}