{"id":1421,"date":"2018-02-09T12:38:21","date_gmt":"2018-02-09T11:38:21","guid":{"rendered":"http:\/\/cajovnajasminka.sk\/?post_type=product&#038;p=1421"},"modified":"2018-02-09T12:48:42","modified_gmt":"2018-02-09T11:48:42","slug":"skleneny-svietnik-miska","status":"publish","type":"product","link":"http:\/\/cajovnajasminka.sk\/?product=skleneny-svietnik-miska","title":{"rendered":"Sklenen\u00fd svietnik miska"},"content":{"rendered":"<p>Sklenen\u00e1 \u0161tvorcov\u00e1 podlo\u017eka pod svie\u010dku vhodn\u00e1 na dekora\u010dn\u00e9 \u00fa\u010dely m\u00e1 aj praktick\u00e9 vyu\u017eitie a chr\u00e1ni materi\u00e1ly pred kvapkaj\u00facim voskom. Vhodn\u00e1 nielen ako podlo\u017eka pod svie\u010dku ale m\u00f4\u017ee sl\u00fa\u017ei\u0165 aj ako dekora\u010dn\u00e1 miska na vo\u0148av\u00e9 kvety, kamienky, mu\u0161le a in\u00e9 drobnosti.<\/p>\n<p><strong>Rozmery :<\/strong> 12&#215;12 cm<br \/>\n<strong>Farba :<\/strong>\u00a0mlie\u010dna<br \/>\n<strong>Materi\u00e1l :<\/strong>\u00a0mlie\u010dne sklo<\/p>\n","protected":false},"excerpt":{"rendered":"<p>Sklenen\u00e1 tyrkysov\u00e1 podlo\u017eka pod svie\u010dku<\/p>\n","protected":false},"featured_media":1424,"comment_status":"closed","ping_status":"closed","template":"","meta":[],"_links":{"self":[{"href":"http:\/\/cajovnajasminka.sk\/index.php?rest_route=\/wp\/v2\/product\/1421"}],"collection":[{"href":"http:\/\/cajovnajasminka.sk\/index.php?rest_route=\/wp\/v2\/product"}],"about":[{"href":"http:\/\/cajovnajasminka.sk\/index.php?rest_route=\/wp\/v2\/types\/product"}],"replies":[{"embeddable":true,"href":"http:\/\/cajovnajasminka.sk\/index.php?rest_route=%2Fwp%2Fv2%2Fcomments&post=1421"}],"wp:featuredmedia":[{"embeddable":true,"href":"http:\/\/cajovnajasminka.sk\/index.php?rest_route=\/wp\/v2\/media\/1424"}],"wp:attachment":[{"href":"http:\/\/cajovnajasminka.sk\/index.php?rest_route=%2Fwp%2Fv2%2Fmedia&parent=1421"}],"curies":[{"name":"wp","href":"https:\/\/api.w.org\/{rel}","templated":true}]}}