{"id":142,"date":"2017-04-30T11:19:03","date_gmt":"2017-04-30T09:19:03","guid":{"rendered":"http:\/\/cajovnajasminka.sk\/?product=artroza-bylinny-caj-sypany"},"modified":"2023-02-15T11:15:11","modified_gmt":"2023-02-15T10:15:11","slug":"artroza-bylinny-caj-sypany","status":"publish","type":"product","link":"http:\/\/cajovnajasminka.sk\/?product=artroza-bylinny-caj-sypany","title":{"rendered":"Chrupavka-Bylinn\u00fd \u010daj sypan\u00fd"},"content":{"rendered":"<p>\u010cesk\u00fd kvalitn\u00fd sypan\u00fd bylinn\u00fd \u010daj zostavovan\u00fd pod\u013ea origin\u00e1lnej recept\u00fary, chr\u00e1nen\u00fd ochrannou zn\u00e1mkou, ur\u010den\u00fd na konkr\u00e9tny probl\u00e9m.<\/p>\n<p><strong>Zlo\u017eenie :\u00a0<\/strong><\/p>\n<p><strong>Baza \u010dierna plod<\/strong> \u2013podporuje norm\u00e1lny\u00a0<strong>stav k\u013abov<\/strong>, obli\u010diek<br \/>\n<strong>Prasli\u010dka v\u0148a\u0165<\/strong> &#8211; podporuje <strong>norm\u00e1lny stav kost\u00ed a chrupaviek<\/strong><br \/>\n<strong>\u017dih\u013eava\u00a0v\u0148a\u0165<\/strong> \u2013 podporuje k\u013aby, <strong>obsahuje miner\u00e1ly<\/strong><br \/>\n<strong>Truskavec v\u0148a\u0165<\/strong> \u2013 podporuje funkciu \u010driev<br \/>\n<strong>Breza list<\/strong> \u2013 podporuje pohybov\u00fd apar\u00e1t, vylu\u010dovanie v\u00a0oblasti pe\u010dene a obli\u010diek<br \/>\n<strong>P\u00fapava ko\u0159e\u0148<\/strong>\u00a0\u2013 podporuje<strong> detoxik\u00e1ciu<\/strong><\/p>\n<p><strong>Gram\u00e1\u017e : 50 g\u00a0<\/strong><\/p>\n","protected":false},"excerpt":{"rendered":"<p>\u010cesk\u00fd kvalitn\u00fd sypan\u00fd bylinn\u00fd \u010daj zostavovan\u00fd pod\u013ea origin\u00e1lnej recept\u00fary, chr\u00e1nen\u00fd ochrannou zn\u00e1mkou, ur\u010den\u00fd na konkr\u00e9tny probl\u00e9m. Zlo\u017eenie :\u00a0 Baza \u010dierna plod \u2013podporuje norm\u00e1lny\u00a0stav k\u013abov, obli\u010diek Prasli\u010dka v\u0148a\u0165 &#8211; podporuje norm\u00e1lny stav kost\u00ed a chrupaviek \u017dih\u013eava\u00a0v\u0148a\u0165 \u2013 podporuje k\u013aby, obsahuje miner\u00e1ly Truskavec v\u0148a\u0165 \u2013 podporuje funkciu \u010driev Breza list \u2013 podporuje pohybov\u00fd apar\u00e1t, vylu\u010dovanie v\u00a0oblasti pe\u010dene<\/p>\n","protected":false},"featured_media":1927,"comment_status":"open","ping_status":"closed","template":"","meta":[],"_links":{"self":[{"href":"http:\/\/cajovnajasminka.sk\/index.php?rest_route=\/wp\/v2\/product\/142"}],"collection":[{"href":"http:\/\/cajovnajasminka.sk\/index.php?rest_route=\/wp\/v2\/product"}],"about":[{"href":"http:\/\/cajovnajasminka.sk\/index.php?rest_route=\/wp\/v2\/types\/product"}],"replies":[{"embeddable":true,"href":"http:\/\/cajovnajasminka.sk\/index.php?rest_route=%2Fwp%2Fv2%2Fcomments&post=142"}],"wp:featuredmedia":[{"embeddable":true,"href":"http:\/\/cajovnajasminka.sk\/index.php?rest_route=\/wp\/v2\/media\/1927"}],"wp:attachment":[{"href":"http:\/\/cajovnajasminka.sk\/index.php?rest_route=%2Fwp%2Fv2%2Fmedia&parent=142"}],"curies":[{"name":"wp","href":"https:\/\/api.w.org\/{rel}","templated":true}]}}