{"id":1364,"date":"2018-02-06T17:13:57","date_gmt":"2018-02-06T16:13:57","guid":{"rendered":"http:\/\/cajovnajasminka.sk\/?post_type=product&#038;p=1364"},"modified":"2018-02-06T17:34:36","modified_gmt":"2018-02-06T16:34:36","slug":"kavova-suprava","status":"publish","type":"product","link":"http:\/\/cajovnajasminka.sk\/?product=kavova-suprava","title":{"rendered":"K\u00e1vov\u00e1 s\u00faprava"},"content":{"rendered":"<p><strong>V\u00a0kr\u00e9movej \u010dajovej \u0161\u00e1lke s\u00a0pod\u0161\u00e1lkou sa sn\u00fabi elegancia a \u0161pi\u010dkov\u00e1 kvalita materi\u00e1lu. P\u00fd\u0161ia sa ednoduch\u00fdm luxusn\u00fdm vzh\u013ead.<\/strong><\/p>\n<p>6 \u0161\u00e1lok + 6 pod\u0161\u00e1lok<br \/>\nKr\u00e9mov\u00e1 farba<\/p>\n","protected":false},"excerpt":{"rendered":"<p><b>K\u00e1vov\u00e1 sada pre \u0161es\u0165 os\u00f4b\u00a0<\/b><br \/>\n<strong>Objem : 1,5 dcl<\/strong><\/p>\n","protected":false},"featured_media":1365,"comment_status":"closed","ping_status":"closed","template":"","meta":[],"_links":{"self":[{"href":"http:\/\/cajovnajasminka.sk\/index.php?rest_route=\/wp\/v2\/product\/1364"}],"collection":[{"href":"http:\/\/cajovnajasminka.sk\/index.php?rest_route=\/wp\/v2\/product"}],"about":[{"href":"http:\/\/cajovnajasminka.sk\/index.php?rest_route=\/wp\/v2\/types\/product"}],"replies":[{"embeddable":true,"href":"http:\/\/cajovnajasminka.sk\/index.php?rest_route=%2Fwp%2Fv2%2Fcomments&post=1364"}],"wp:featuredmedia":[{"embeddable":true,"href":"http:\/\/cajovnajasminka.sk\/index.php?rest_route=\/wp\/v2\/media\/1365"}],"wp:attachment":[{"href":"http:\/\/cajovnajasminka.sk\/index.php?rest_route=%2Fwp%2Fv2%2Fmedia&parent=1364"}],"curies":[{"name":"wp","href":"https:\/\/api.w.org\/{rel}","templated":true}]}}