{"id":1320,"date":"2017-12-01T15:02:35","date_gmt":"2017-12-01T14:02:35","guid":{"rendered":"http:\/\/cajovnajasminka.sk\/?post_type=product&#038;p=1320"},"modified":"2017-12-01T15:05:25","modified_gmt":"2017-12-01T14:05:25","slug":"jaspis-mokai-sekany","status":"publish","type":"product","link":"http:\/\/cajovnajasminka.sk\/?product=jaspis-mokai-sekany","title":{"rendered":"Jaspis Mokai &#8211; sekan\u00fd"},"content":{"rendered":"<p><strong>Kame\u0148 ochrany<\/strong><\/p>\n<ul>\n<li>Pod\u013ea star\u00fdch prame\u0148ov b\u00fdva \u010dasto ozna\u010dovan\u00fd za &#8222;Matku v\u0161etk\u00fdch kame\u0148ov&#8220;<\/li>\n<li>Neust\u00e1le vy\u017earuje o\u017eivuj\u00facu o\u010distn\u00fa a ochrann\u00fa energiu<\/li>\n<li>U\u010d\u00ed n\u00e1s nezi\u0161tnosti a skromnosti, daruje n\u00e1m s\u00facit, trpezlivos\u0165 a posil\u0148uje na\u0161u dobr\u00fa v\u00f4\u013eu<\/li>\n<li>Dod\u00e1va telu energiu<\/li>\n<\/ul>\n<p><strong><u>Lie\u010debn\u00e9 vyu\u017eitie:<\/u><\/strong><\/p>\n<ul>\n<li>Pom\u00e1ha pri lie\u010den\u00ed leuk\u00e9mie, zhubn\u00fdch n\u00e1dorov a ako prevencia proti nim<\/li>\n<li>Kladne ovplyv\u0148uje lie\u010dbu obli\u010diek a mo\u010dov\u00e9ho mech\u00fara, pom\u00e1ha pri lie\u010den\u00ed piesku a kame\u0148ov v obli\u010dk\u00e1ch<\/li>\n<li>V oblasti gynekologickej je \u00fa\u010dinn\u00fd pri chorob\u00e1ch vaje\u010dn\u00edkov a vajcovodov, pri prekon\u00e1van\u00ed nevo\u013enosti v priebehu tehotenstva a p\u00f4rodu<\/li>\n<li>Posil\u0148uje pe\u010de\u0148 a srdce<\/li>\n<\/ul>\n<p><strong><u>Astrologick\u00e9 priradenie:<\/u><\/strong> V\u00e1hy, Panna<\/p>\n<p><strong><u>\u010cistenie<\/u>:<\/strong> pod te\u010d\u00facou vodou, nab\u00edja sa mesa\u010dnou energiou a tie\u017e na nepriamom slnku<\/p>\n<p><strong>Upozornenie:<\/strong>\u00a0Sfarbenie a \u0161trukt\u00fara kame\u0148ov sa\u00a0m\u00f4\u017ee v skuto\u010dnosti od uveden\u00fdch fotografi\u00ed\u00a0produktu mierne odli\u0161ova\u0165<\/p>\n","protected":false},"excerpt":{"rendered":"<p><strong>Le\u0161ten\u00e9 kamene v tvare nepravideln\u00fdch sekan\u00fdch z\u0155n, navle\u010den\u00e9 na gumi\u010dke. D\u013e\u017eka n\u00e1ramku je 16-18 cm<\/strong><\/p>\n","protected":false},"featured_media":1321,"comment_status":"closed","ping_status":"closed","template":"","meta":[],"_links":{"self":[{"href":"http:\/\/cajovnajasminka.sk\/index.php?rest_route=\/wp\/v2\/product\/1320"}],"collection":[{"href":"http:\/\/cajovnajasminka.sk\/index.php?rest_route=\/wp\/v2\/product"}],"about":[{"href":"http:\/\/cajovnajasminka.sk\/index.php?rest_route=\/wp\/v2\/types\/product"}],"replies":[{"embeddable":true,"href":"http:\/\/cajovnajasminka.sk\/index.php?rest_route=%2Fwp%2Fv2%2Fcomments&post=1320"}],"wp:featuredmedia":[{"embeddable":true,"href":"http:\/\/cajovnajasminka.sk\/index.php?rest_route=\/wp\/v2\/media\/1321"}],"wp:attachment":[{"href":"http:\/\/cajovnajasminka.sk\/index.php?rest_route=%2Fwp%2Fv2%2Fmedia&parent=1320"}],"curies":[{"name":"wp","href":"https:\/\/api.w.org\/{rel}","templated":true}]}}