{"id":1287,"date":"2017-11-30T09:00:05","date_gmt":"2017-11-30T08:00:05","guid":{"rendered":"http:\/\/cajovnajasminka.sk\/?post_type=product&#038;p=1287"},"modified":"2021-09-28T08:43:52","modified_gmt":"2021-09-28T06:43:52","slug":"olivin-sekany-naramok","status":"publish","type":"product","link":"http:\/\/cajovnajasminka.sk\/?product=olivin-sekany-naramok","title":{"rendered":"oliv\u00edn &#8211; sekan\u00fd"},"content":{"rendered":"<p><strong>Kame\u0148 sebad\u00f4very a ochrany<\/strong><\/p>\n<ul>\n<li>Chr\u00e1ni auru<\/li>\n<li>Je \u00fa\u010dinn\u00fd \u010disti\u010d. Odha\u013euje pr\u00edtomnos\u0165 jedovat\u00fdch l\u00e1tok na v\u0161etk\u00fdch \u00farovniach a neutralizuje ich. \u010cist\u00ed vy\u0161\u0161ie i fyzick\u00e9 telo rovnako ako myse\u013e<\/li>\n<li>Otv\u00e1ra, pre\u010dis\u0165uje a aktivuje srde\u010dn\u00fa \u010dakru spolo\u010dne s \u010dakrou solar plexu<\/li>\n<li>Uvo\u013e\u0148uje star\u00fa z\u00e1\u0165a\u017e, ktor\u00fa si \u010dlovek nesie na ceste \u017eivotom<\/li>\n<li>Odstra\u0148uje tie\u017e star\u00e9 probl\u00e9my, pocity viny alebo posadnutosti<\/li>\n<li>Oliv\u00edn prin\u00e1\u0161a poznanie, \u017ee lipnutie na \u013eu\u010foch alebo minulosti neprin\u00e1\u0161a ni\u010d dobr\u00e9<\/li>\n<li>Ak sa venujete du\u0161evnej pr\u00e1ci, pom\u00f4\u017ee v\u00e1m v r\u00fdchlom postupe vpred<\/li>\n<li>Zvl\u00e1\u0161\u0165 \u00fa\u010dinn\u00fd je pre lie\u010dite\u013eov<\/li>\n<li>V du\u0161evnom \u017eivote potl\u00e1\u010da \u017eiarlivos\u0165, \u013e\u00fatos\u0165 a zlos\u0165.<\/li>\n<li>Dok\u00e1\u017ee odstr\u00e1ni\u0165 stres. Zvy\u0161uje sebad\u00f4veru a schopnos\u0165 presadi\u0165 sa bez agres\u00edvneho jednania<\/li>\n<\/ul>\n<p>&nbsp;<\/p>\n<p><strong><u>Lie\u010debn\u00e9 vyu\u017eitie<\/u><\/strong>:<\/p>\n<ul>\n<li>Oliv\u00edn m\u00e1 uk\u013eud\u0148uj\u00faci \u00fa\u010dinok<\/li>\n<li>Uzdravuje a regeneruje tkaniv\u00e1<\/li>\n<li>Posil\u0148uje metabolizmus a blahodarne p\u00f4sob\u00ed na ko\u017eu<\/li>\n<li>Pom\u00e1ha srdcu, detskej \u017e\u013eaze, p\u013e\u00facam, mo\u010dov\u00e9mu mech\u00faru, slezine a tr\u00e1viacemu traktu<\/li>\n<li>Lie\u010di tie\u017e vredy, posil\u0148uje zrak<\/li>\n<li>Ke\u010f sa polo\u017e\u00ed na brucho, pom\u00e1ha pri p\u00f4rode, preto\u017ee zosil\u0148uje svalov\u00e9 kontrakcie a s\u00fa\u010dasne mierni boles\u0165<\/li>\n<li>Jeho energia upravuje bipol\u00e1rny nes\u00falad a pom\u00e1ha prekona\u0165 hypochondriu<\/li>\n<\/ul>\n<p>&nbsp;<\/p>\n<p><strong><u>Astrologick\u00e9 priradenie:\u00a0<\/u><\/strong>Lev, Panna, Ryby<\/p>\n<p><strong>Upozornenie:<\/strong>\u00a0Sfarbenie a \u0161trukt\u00fara kame\u0148ov sa\u00a0m\u00f4\u017ee v skuto\u010dnosti od uveden\u00fdch fotografi\u00ed\u00a0produktu mierne odli\u0161ova\u0165<\/p>\n","protected":false},"excerpt":{"rendered":"<p><strong>Le\u0161ten\u00e9 kamene v tvare nepravideln\u00fdch sekan\u00fdch z\u0155n, navle\u010den\u00e9 na gumi\u010dke. D\u013e\u017eka n\u00e1ramku je 16-18 cm<\/strong><\/p>\n","protected":false},"featured_media":1289,"comment_status":"closed","ping_status":"closed","template":"","meta":[],"_links":{"self":[{"href":"http:\/\/cajovnajasminka.sk\/index.php?rest_route=\/wp\/v2\/product\/1287"}],"collection":[{"href":"http:\/\/cajovnajasminka.sk\/index.php?rest_route=\/wp\/v2\/product"}],"about":[{"href":"http:\/\/cajovnajasminka.sk\/index.php?rest_route=\/wp\/v2\/types\/product"}],"replies":[{"embeddable":true,"href":"http:\/\/cajovnajasminka.sk\/index.php?rest_route=%2Fwp%2Fv2%2Fcomments&post=1287"}],"wp:featuredmedia":[{"embeddable":true,"href":"http:\/\/cajovnajasminka.sk\/index.php?rest_route=\/wp\/v2\/media\/1289"}],"wp:attachment":[{"href":"http:\/\/cajovnajasminka.sk\/index.php?rest_route=%2Fwp%2Fv2%2Fmedia&parent=1287"}],"curies":[{"name":"wp","href":"https:\/\/api.w.org\/{rel}","templated":true}]}}